{"id":1717,"date":"2024-04-18T06:58:26","date_gmt":"2024-04-18T04:58:26","guid":{"rendered":"https:\/\/universitatpopular.com\/contractes-menors\/"},"modified":"2024-07-08T10:25:18","modified_gmt":"2024-07-08T08:25:18","slug":"contractes-menors","status":"publish","type":"page","link":"https:\/\/universitatpopular.com\/ca\/contractes-menors\/","title":{"rendered":"Contractes menors"},"content":{"rendered":"\n<p>El funcionament d'aquesta secci\u00f3 \u00e9s senzill. L'Organisme Aut\u00f2nom Universitat Popular de Val\u00e8ncia forma part del sector p\u00fablic i celebra contractes menors amb empresaris i empres\u00e0ries amb capacitat d'obrar i que compten amb l'habilitaci\u00f3 professional necess\u00e0ria per a realitzar la prestaci\u00f3.<\/p>\n\n<p>Quan la Universitat Popular de Val\u00e8ncia tinga la necessitat de realitzar un contracte menor, publicar\u00e0 un anunci en aquesta secci\u00f3, que contindr\u00e0 una descripci\u00f3 de l'objecte del contracte, la despesa m\u00e0xima del mateix, termini de presentaci\u00f3 d'ofertes, aix\u00ed com un e-mail de contacte, de tal manera que els prove\u00efdors i prove\u00efdores interessades puguen presentar les seues ofertes i optar a ser seleccionats o seleccionades en l'adjudicaci\u00f3 del contracte menor.&#13;\n<\/p>\n\n<p>Una vegada que haja sigut adjudicat a una empresa, es publicar\u00e0, en l'apartat \u201cContractes finalitzats\u201d de la secci\u00f3, l'Anunci de la Resoluci\u00f3 de l'adjudicaci\u00f3.<\/p>\n\n<p>Cal tenir en compte que s\u00f3n\u00a0<strong>contractes menors\u00a0<\/strong>aquells l'import dels quals, excl\u00f2s l'IVA, siga inferior a 50.000,00 \u20ac quan es tracte d'obres, o a 18.000,00 \u20ac quan es tracte d'altres contractes i que tinguen una durada no superior a un any, sense possibilitat de pr\u00f2rroga alguna.<\/p>\n\n<p><\/p>\n","protected":false},"excerpt":{"rendered":"<p>El funcionament d'aquesta secci\u00f3 \u00e9s senzill. L'Organisme Aut\u00f2nom Universitat Popular de Val\u00e8ncia forma part del sector p\u00fablic i celebra contractes menors amb empresaris i empres\u00e0ries amb capacitat d'obrar i que [&hellip;]<\/p>\n","protected":false},"author":1,"featured_media":0,"parent":0,"menu_order":0,"comment_status":"closed","ping_status":"closed","template":"","meta":{"_acf_changed":false,"_EventAllDay":false,"_EventTimezone":"","_EventStartDate":"","_EventEndDate":"","_EventStartDateUTC":"","_EventEndDateUTC":"","_EventShowMap":false,"_EventShowMapLink":false,"_EventURL":"","_EventCost":"","_EventCostDescription":"","_EventCurrencySymbol":"","_EventCurrencyCode":"","_EventCurrencyPosition":"","_EventDateTimeSeparator":"","_EventTimeRangeSeparator":"","_EventOrganizerID":[],"_EventVenueID":[],"_OrganizerEmail":"","_OrganizerPhone":"","_OrganizerWebsite":"","_VenueAddress":"","_VenueCity":"","_VenueCountry":"","_VenueProvince":"","_VenueState":"","_VenueZip":"","_VenuePhone":"","_VenueURL":"","_VenueStateProvince":"","_VenueLat":"","_VenueLng":"","_VenueShowMap":false,"_VenueShowMapLink":false,"footnotes":""},"class_list":["post-1717","page","type-page","status-publish","hentry"],"acf":[],"yoast_head":"<!-- This site is optimized with the Yoast SEO plugin v25.8 - https:\/\/yoast.com\/wordpress\/plugins\/seo\/ -->\n<title>Contractes menors - Universitat Popular<\/title>\n<meta name=\"robots\" content=\"index, follow, max-snippet:-1, max-image-preview:large, max-video-preview:-1\" \/>\n<link rel=\"canonical\" href=\"https:\/\/universitatpopular.com\/ca\/contractes-menors\/\" \/>\n<meta property=\"og:locale\" content=\"ca_ES\" \/>\n<meta property=\"og:type\" content=\"article\" \/>\n<meta property=\"og:title\" content=\"Contractes menors - Universitat Popular\" \/>\n<meta property=\"og:description\" content=\"El funcionament d&#039;aquesta secci\u00f3 \u00e9s senzill. L&#039;Organisme Aut\u00f2nom Universitat Popular de Val\u00e8ncia forma part del sector p\u00fablic i celebra contractes menors amb empresaris i empres\u00e0ries amb capacitat d&#039;obrar i que [&hellip;]\" \/>\n<meta property=\"og:url\" content=\"https:\/\/universitatpopular.com\/ca\/contractes-menors\/\" \/>\n<meta property=\"og:site_name\" content=\"Universitat Popular\" \/>\n<meta property=\"article:publisher\" content=\"https:\/\/www.facebook.com\/universitatpopularvalencia\/\" \/>\n<meta property=\"article:modified_time\" content=\"2024-07-08T08:25:18+00:00\" \/>\n<meta name=\"twitter:card\" content=\"summary_large_image\" \/>\n<meta name=\"twitter:site\" content=\"@univ_po_pu_lar\" \/>\n<meta name=\"twitter:label1\" content=\"Temps estimat de lectura\" \/>\n\t<meta name=\"twitter:data1\" content=\"1 minut\" \/>\n<script type=\"application\/ld+json\" class=\"yoast-schema-graph\">{\"@context\":\"https:\/\/schema.org\",\"@graph\":[{\"@type\":\"WebPage\",\"@id\":\"https:\/\/universitatpopular.com\/ca\/contractes-menors\/\",\"url\":\"https:\/\/universitatpopular.com\/ca\/contractes-menors\/\",\"name\":\"Contractes menors - Universitat Popular\",\"isPartOf\":{\"@id\":\"https:\/\/universitatpopular.com\/#website\"},\"datePublished\":\"2024-04-18T04:58:26+00:00\",\"dateModified\":\"2024-07-08T08:25:18+00:00\",\"breadcrumb\":{\"@id\":\"https:\/\/universitatpopular.com\/ca\/contractes-menors\/#breadcrumb\"},\"inLanguage\":\"ca\",\"potentialAction\":[{\"@type\":\"ReadAction\",\"target\":[\"https:\/\/universitatpopular.com\/ca\/contractes-menors\/\"]}]},{\"@type\":\"BreadcrumbList\",\"@id\":\"https:\/\/universitatpopular.com\/ca\/contractes-menors\/#breadcrumb\",\"itemListElement\":[{\"@type\":\"ListItem\",\"position\":1,\"name\":\"Portada\",\"item\":\"https:\/\/universitatpopular.com\/ca\/portada\/\"},{\"@type\":\"ListItem\",\"position\":2,\"name\":\"Contractes menors\"}]},{\"@type\":\"WebSite\",\"@id\":\"https:\/\/universitatpopular.com\/#website\",\"url\":\"https:\/\/universitatpopular.com\/\",\"name\":\"Universitat Popular\",\"description\":\"Web de la Universitat Popular de l&#039;Ajuntament de Val\u00e8ncia\",\"publisher\":{\"@id\":\"https:\/\/universitatpopular.com\/#organization\"},\"potentialAction\":[{\"@type\":\"SearchAction\",\"target\":{\"@type\":\"EntryPoint\",\"urlTemplate\":\"https:\/\/universitatpopular.com\/?s={search_term_string}\"},\"query-input\":{\"@type\":\"PropertyValueSpecification\",\"valueRequired\":true,\"valueName\":\"search_term_string\"}}],\"inLanguage\":\"ca\"},{\"@type\":\"Organization\",\"@id\":\"https:\/\/universitatpopular.com\/#organization\",\"name\":\"Universitat Popular\",\"url\":\"https:\/\/universitatpopular.com\/\",\"logo\":{\"@type\":\"ImageObject\",\"inLanguage\":\"ca\",\"@id\":\"https:\/\/universitatpopular.com\/#\/schema\/logo\/image\/\",\"url\":\"https:\/\/universitatpopular.com\/wp-content\/uploads\/2024\/04\/logo-universitat-popular-de-valencia_vertical.svg\",\"contentUrl\":\"https:\/\/universitatpopular.com\/wp-content\/uploads\/2024\/04\/logo-universitat-popular-de-valencia_vertical.svg\",\"width\":190.15,\"height\":124.13,\"caption\":\"Universitat Popular\"},\"image\":{\"@id\":\"https:\/\/universitatpopular.com\/#\/schema\/logo\/image\/\"},\"sameAs\":[\"https:\/\/www.facebook.com\/universitatpopularvalencia\/\",\"https:\/\/x.com\/univ_po_pu_lar\",\"https:\/\/www.instagram.com\/universitatpopularvlc\/\",\"https:\/\/www.youtube.com\/channel\/UC6MyVEiz44QUeMvO8K3ofwA\"]}]}<\/script>\n<!-- \/ Yoast SEO plugin. -->","yoast_head_json":{"title":"Contractes menors - Universitat Popular","robots":{"index":"index","follow":"follow","max-snippet":"max-snippet:-1","max-image-preview":"max-image-preview:large","max-video-preview":"max-video-preview:-1"},"canonical":"https:\/\/universitatpopular.com\/ca\/contractes-menors\/","og_locale":"ca_ES","og_type":"article","og_title":"Contractes menors - Universitat Popular","og_description":"El funcionament d'aquesta secci\u00f3 \u00e9s senzill. L'Organisme Aut\u00f2nom Universitat Popular de Val\u00e8ncia forma part del sector p\u00fablic i celebra contractes menors amb empresaris i empres\u00e0ries amb capacitat d'obrar i que [&hellip;]","og_url":"https:\/\/universitatpopular.com\/ca\/contractes-menors\/","og_site_name":"Universitat Popular","article_publisher":"https:\/\/www.facebook.com\/universitatpopularvalencia\/","article_modified_time":"2024-07-08T08:25:18+00:00","twitter_card":"summary_large_image","twitter_site":"@univ_po_pu_lar","twitter_misc":{"Temps estimat de lectura":"1 minut"},"schema":{"@context":"https:\/\/schema.org","@graph":[{"@type":"WebPage","@id":"https:\/\/universitatpopular.com\/ca\/contractes-menors\/","url":"https:\/\/universitatpopular.com\/ca\/contractes-menors\/","name":"Contractes menors - Universitat Popular","isPartOf":{"@id":"https:\/\/universitatpopular.com\/#website"},"datePublished":"2024-04-18T04:58:26+00:00","dateModified":"2024-07-08T08:25:18+00:00","breadcrumb":{"@id":"https:\/\/universitatpopular.com\/ca\/contractes-menors\/#breadcrumb"},"inLanguage":"ca","potentialAction":[{"@type":"ReadAction","target":["https:\/\/universitatpopular.com\/ca\/contractes-menors\/"]}]},{"@type":"BreadcrumbList","@id":"https:\/\/universitatpopular.com\/ca\/contractes-menors\/#breadcrumb","itemListElement":[{"@type":"ListItem","position":1,"name":"Portada","item":"https:\/\/universitatpopular.com\/ca\/portada\/"},{"@type":"ListItem","position":2,"name":"Contractes menors"}]},{"@type":"WebSite","@id":"https:\/\/universitatpopular.com\/#website","url":"https:\/\/universitatpopular.com\/","name":"Universitat Popular","description":"Web de la Universitat Popular de l&#039;Ajuntament de Val\u00e8ncia","publisher":{"@id":"https:\/\/universitatpopular.com\/#organization"},"potentialAction":[{"@type":"SearchAction","target":{"@type":"EntryPoint","urlTemplate":"https:\/\/universitatpopular.com\/?s={search_term_string}"},"query-input":{"@type":"PropertyValueSpecification","valueRequired":true,"valueName":"search_term_string"}}],"inLanguage":"ca"},{"@type":"Organization","@id":"https:\/\/universitatpopular.com\/#organization","name":"Universitat Popular","url":"https:\/\/universitatpopular.com\/","logo":{"@type":"ImageObject","inLanguage":"ca","@id":"https:\/\/universitatpopular.com\/#\/schema\/logo\/image\/","url":"https:\/\/universitatpopular.com\/wp-content\/uploads\/2024\/04\/logo-universitat-popular-de-valencia_vertical.svg","contentUrl":"https:\/\/universitatpopular.com\/wp-content\/uploads\/2024\/04\/logo-universitat-popular-de-valencia_vertical.svg","width":190.15,"height":124.13,"caption":"Universitat Popular"},"image":{"@id":"https:\/\/universitatpopular.com\/#\/schema\/logo\/image\/"},"sameAs":["https:\/\/www.facebook.com\/universitatpopularvalencia\/","https:\/\/x.com\/univ_po_pu_lar","https:\/\/www.instagram.com\/universitatpopularvlc\/","https:\/\/www.youtube.com\/channel\/UC6MyVEiz44QUeMvO8K3ofwA"]}]}},"_links":{"self":[{"href":"https:\/\/universitatpopular.com\/ca\/wp-json\/wp\/v2\/pages\/1717","targetHints":{"allow":["GET"]}}],"collection":[{"href":"https:\/\/universitatpopular.com\/ca\/wp-json\/wp\/v2\/pages"}],"about":[{"href":"https:\/\/universitatpopular.com\/ca\/wp-json\/wp\/v2\/types\/page"}],"author":[{"embeddable":true,"href":"https:\/\/universitatpopular.com\/ca\/wp-json\/wp\/v2\/users\/1"}],"replies":[{"embeddable":true,"href":"https:\/\/universitatpopular.com\/ca\/wp-json\/wp\/v2\/comments?post=1717"}],"version-history":[{"count":3,"href":"https:\/\/universitatpopular.com\/ca\/wp-json\/wp\/v2\/pages\/1717\/revisions"}],"predecessor-version":[{"id":1720,"href":"https:\/\/universitatpopular.com\/ca\/wp-json\/wp\/v2\/pages\/1717\/revisions\/1720"}],"wp:attachment":[{"href":"https:\/\/universitatpopular.com\/ca\/wp-json\/wp\/v2\/media?parent=1717"}],"curies":[{"name":"wp","href":"https:\/\/api.w.org\/{rel}","templated":true}]}}

<p>El funcionament d'aquesta secció és senzill. L'Organisme Autònom Universitat Popular de València forma part del sector públic i celebra contractes menors amb empresaris i empresàries amb capacitat d'obrar i que compten amb l'habilitació professional necessària per a realitzar la prestació.</p>

<p>Quan la Universitat Popular de València tinga la necessitat de realitzar un contracte menor, publicarà un anunci en aquesta secció, que contindrà una descripció de l'objecte del contracte, la despesa màxima del mateix, termini de presentació d'ofertes, així com un e-mail de contacte, de tal manera que els proveïdors i proveïdores interessades puguen presentar les seues ofertes i optar a ser seleccionats o seleccionades en l'adjudicació del contracte menor.&#13;
</p>

<p>Una vegada que haja sigut adjudicat a una empresa, es publicarà, en l'apartat “Contractes finalitzats” de la secció, l'Anunci de la Resolució de l'adjudicació.</p>

<p>Cal tenir en compte que són <strong>contractes menors </strong>aquells l'import dels quals, exclòs l'IVA, siga inferior a 50.000,00 € quan es tracte d'obres, o a 18.000,00 € quan es tracte d'altres contractes i que tinguen una durada no superior a un any, sense possibilitat de pròrroga alguna.</p>

<p></p>

<p>El funcionament d'aquesta secció és senzill. L'Organisme Autònom Universitat Popular de València forma part del sector públic i celebra contractes menors amb empresaris i empresàries amb capacitat d'obrar i que [&hellip;]</p>

<!-- This site is optimized with the Yoast SEO plugin v25.8 - https://yoast.com/wordpress/plugins/seo/ -->
<title>Contractes menors - Universitat Popular</title>
<meta name="robots" content="index, follow, max-snippet:-1, max-image-preview:large, max-video-preview:-1" />
<link rel="canonical" href="https://universitatpopular.com/ca/contractes-menors/" />
<meta property="og:locale" content="ca_ES" />
<meta property="og:type" content="article" />
<meta property="og:title" content="Contractes menors - Universitat Popular" />
<meta property="og:description" content="El funcionament d&#039;aquesta secció és senzill. L&#039;Organisme Autònom Universitat Popular de València forma part del sector públic i celebra contractes menors amb empresaris i empresàries amb capacitat d&#039;obrar i que [&hellip;]" />
<meta property="og:url" content="https://universitatpopular.com/ca/contractes-menors/" />
<meta property="og:site_name" content="Universitat Popular" />
<meta property="article:publisher" content="https://www.facebook.com/universitatpopularvalencia/" />
<meta property="article:modified_time" content="2024-07-08T08:25:18+00:00" />
<meta name="twitter:card" content="summary_large_image" />
<meta name="twitter:site" content="@univ_po_pu_lar" />
<meta name="twitter:label1" content="Temps estimat de lectura" />
	<meta name="twitter:data1" content="1 minut" />
<script type="application/ld+json" class="yoast-schema-graph">{"@context":"https://schema.org","@graph":[{"@type":"WebPage","@id":"https://universitatpopular.com/ca/contractes-menors/","url":"https://universitatpopular.com/ca/contractes-menors/","name":"Contractes menors - Universitat Popular","isPartOf":{"@id":"https://universitatpopular.com/#website"},"datePublished":"2024-04-18T04:58:26+00:00","dateModified":"2024-07-08T08:25:18+00:00","breadcrumb":{"@id":"https://universitatpopular.com/ca/contractes-menors/#breadcrumb"},"inLanguage":"ca","potentialAction":[{"@type":"ReadAction","target":["https://universitatpopular.com/ca/contractes-menors/"]}]},{"@type":"BreadcrumbList","@id":"https://universitatpopular.com/ca/contractes-menors/#breadcrumb","itemListElement":[{"@type":"ListItem","position":1,"name":"Portada","item":"https://universitatpopular.com/ca/portada/"},{"@type":"ListItem","position":2,"name":"Contractes menors"}]},{"@type":"WebSite","@id":"https://universitatpopular.com/#website","url":"https://universitatpopular.com/","name":"Universitat Popular","description":"Web de la Universitat Popular de l&#039;Ajuntament de València","publisher":{"@id":"https://universitatpopular.com/#organization"},"potentialAction":[{"@type":"SearchAction","target":{"@type":"EntryPoint","urlTemplate":"https://universitatpopular.com/?s={search_term_string}"},"query-input":{"@type":"PropertyValueSpecification","valueRequired":true,"valueName":"search_term_string"}}],"inLanguage":"ca"},{"@type":"Organization","@id":"https://universitatpopular.com/#organization","name":"Universitat Popular","url":"https://universitatpopular.com/","logo":{"@type":"ImageObject","inLanguage":"ca","@id":"https://universitatpopular.com/#/schema/logo/image/","url":"https://universitatpopular.com/wp-content/uploads/2024/04/logo-universitat-popular-de-valencia_vertical.svg","contentUrl":"https://universitatpopular.com/wp-content/uploads/2024/04/logo-universitat-popular-de-valencia_vertical.svg","width":190.15,"height":124.13,"caption":"Universitat Popular"},"image":{"@id":"https://universitatpopular.com/#/schema/logo/image/"},"sameAs":["https://www.facebook.com/universitatpopularvalencia/","https://x.com/univ_po_pu_lar","https://www.instagram.com/universitatpopularvlc/","https://www.youtube.com/channel/UC6MyVEiz44QUeMvO8K3ofwA"]}]}</script>
<!-- / Yoast SEO plugin. -->

El funcionament d'aquesta secció és senzill. L'Organisme Autònom Universitat Popular de València forma part del sector públic i celebra contractes menors amb empresaris i empresàries amb capacitat d'obrar i que [&hellip;]

Web de la Universitat Popular de l&#039;Ajuntament de València
